hat is the greatest common divisor of 1458 and 35838?
18
Calculate the greatest common divisor of 234 and 8928.
18
Calculate the highest common divisor of 2049 and 158456.
683
Calculate the greatest common divisor of 34 and 36125.
17
What is the highest common factor of 1530 and 17170?
170
Calculate the greatest common divisor of 25766 and 1716.
26
Calculate the greatest common divisor of 34676 and 4.
4
Calculate the highest common factor of 42 and 765058.
14
Calculate the greatest common divisor of 7260 and 1380.
60
What is the highest common factor of 22 and 4944577?
11
Calculate the greatest common factor of 3190085 and 505.
505
Calculate the greatest common factor of 792 and 26065512.
792
What is the greatest common divisor of 43925 and 105?
35
Calculate the greatest common divisor of 1140 and 12160.
380
Calculate the greatest common divisor of 86 and 1578487.
43
What is the highest common divisor of 624 and 5733?
39
Calculate the highest common factor of 1394 and 6191.
41
What is the greatest common divisor of 5170 and 40?
10
Calculate the highest common factor of 292 and 5004.
4
What is the highest common divisor of 3401 and 68?
1
What is the highest common factor of 3892 and 2918027?
973
What is the greatest common factor of 11 and 1057430?
11
What is the greatest common divisor of 129968 and 32?
16
Calculate the highest common factor of 21 and 17283.
21
What is the greatest common divisor of 119 and 3497699?
17
What is the greatest common factor of 1880506 and 6035?
1207
What is the greatest common factor of 434 and 17422?
62
What is the highest common divisor of 1098 and 1830?
366
What is the highest common divisor of 5695 and 799?
17
What is the highest common factor of 118030 and 7511?
1073
Calculate the highest common divisor of 119 and 8575.
7
Calculate the greatest common factor of 12051 and 114021.
927
Calculate the greatest common divisor of 42097 and 215.
43
What is the greatest common divisor of 89677 and 7?
7
What is the greatest common factor of 194 and 1490599?
97
Calculate the greatest common divisor of 5955 and 1920.
15
Calculate the greatest common divisor of 475245 and 405.
45
What is the greatest common factor of 26 and 61618?
2
Calculate the highest common divisor of 94 and 175122.
94
What is the highest common factor of 460143 and 232?
29
Calculate the greatest common divisor of 40285 and 85.
5
Calculate the greatest common factor of 664842 and 42.
6
Calculate the highest common divisor of 880 and 9372.
44
Calculate the highest common divisor of 252236 and 4.
4
Calculate the highest common factor of 8094 and 228.
114
What is the greatest common divisor of 4518 and 4267?
251
Calculate the highest common divisor of 58 and 316100.
58
Calculate the highest common factor of 3753 and 5421.
417
Calculate the highest common divisor of 347067 and 441.
441
What is the greatest common divisor of 2706 and 47784?
66
Calculate the highest common divisor of 384813 and 741.
39
What is the highest common factor of 165414 and 19?
19
What is the highest common divisor of 107856 and 315?
63
What is the highest common factor of 189 and 5103?
189
Calculate the highest common factor of 16610 and 99.
11
What is the greatest common factor of 4556 and 48776?
268
What is the greatest common divisor of 73528 and 5959?
101
Calculate the greatest common factor of 325566 and 54.
54
What is the greatest common divisor of 446 and 229244?
446
Calculate the greatest common factor of 149404 and 41.
41
What is the greatest common factor of 123 and 373141?
41
What is the highest common factor of 58 and 767224?
58
What is the highest common factor of 843392 and 3168?
352
What is the greatest common divisor of 67976 and 56?
8
Calculate the greatest common divisor of 13 and 1146717.
13
What is the highest common divisor of 3392 and 53?
53
Calculate the highest common factor of 80958 and 2472.
618
What is the highest common factor of 288 and 7136?
32
What is the greatest common divisor of 103303 and 19?
19
What is the highest common factor of 234 and 198?
18
What is the highest common factor of 153910 and 10?
10
Calculate the greatest common factor of 54102 and 2667.
381
What is the highest common factor of 1386 and 212982?
462
Calculate the highest common divisor of 18 and 276084.
18
What is the highest common factor of 54792 and 288?
72
What is the highest common divisor of 136 and 687004?
68
What is the greatest common divisor of 325 and 16783?
13
What is the highest common divisor of 6802 and 131744?
358
What is the greatest common divisor of 1278 and 254502?
18
Calculate the greatest common factor of 454811 and 301.
301
Calculate the highest common factor of 462 and 281484.
42
Calculate the highest common factor of 1666 and 2278.
34
What is the greatest common divisor of 42 and 1380148?
14
Calculate the greatest common divisor of 5163 and 21.
3
Calculate the greatest common divisor of 7542 and 288.
18
What is the greatest common divisor of 3794 and 199998?
542
What is the highest common divisor of 21097 and 657?
73
What is the highest common factor of 93299 and 79?
79
What is the greatest common factor of 79 and 189679?
79
Calculate the greatest common factor of 1703 and 27903.
131
What is the highest common factor of 18727 and 4912?
307
Calculate the greatest common divisor of 132742 and 124.
62
Calculate the greatest common factor of 16 and 2916.
4
What is the greatest common divisor of 279288 and 112?
8
Calculate the highest common divisor of 4056 and 8476.
52
What is the highest common divisor of 2750 and 19750?
250
Calculate the greatest common factor of 12692 and 24.
4
Calculate the highest common factor of 22606 and 178.
178
What is the highest common factor of 815605 and 5?
5
What is the greatest common factor of 948 and 37209?
237
Calculate the highest common factor of 342 and 192582.
18
Calculate the greatest common factor of 61638 and 12.
6
Calculate the highest common factor of 2041 and 1256.
157
Calculate the greatest common factor of 109 and 441.
1
What is the greatest common factor of 187427 and 1124?
281
What is the highest common divisor of 1258862 and 22?
22
Calculate the highest common divisor of 5694 and 3666.
78
Calculate the highest common factor of 793339 and 17.
17
What is the highest common factor of 77950 and 75?
25
What is the highest common divisor of 40443 and 5967?
663
Calculate the highest common divisor of 1485 and 10035.
45
What is the highest common factor of 34500 and 7890?
30
Calculate the greatest common divisor of 654645 and 285.
285
Calculate the greatest common divisor of 175 and 973.
7
Calculate the greatest common divisor of 38 and 2261.
19
What is the greatest common factor of 19689 and 6?
3
What is the greatest common factor of 7420 and 140?
140
What is the highest common divisor of 530 and 91478?
106
Calculate the greatest common divisor of 15796 and 21296.
44
Calculate the greatest common divisor of 2322 and 186.
6
Calculate the greatest common divisor of 12632019 and 83.
83
What is the highest common factor of 32 and 21152?
32
What is the highest common divisor of 5453 and 1666?
7
What is the highest common divisor of 3326260 and 35?
35
What is the highest common divisor of 42 and 76986?
42
Calculate the highest common factor of 52294 and 1166.
22
Calculate the highest common divisor of 193 and 7506735.
193
What is the greatest common divisor of 30378 and 11537?
83
Calculate the greatest common divisor of 32754 and 90.
6
Calculate the greatest common divisor of 412 and 68.
4
Calculate the greatest common divisor of 217 and 334831.
217
Calculate the highest common divisor of 9215 and 560.
5
What is the highest common factor of 68 and 162996?
68
Calculate the highest common divisor of 6715 and 3017721.
1343
What is the greatest common divisor of 60003 and 678?
339
Calculate the highest common divisor of 251 and 976139.
251
What is the greatest common divisor of 5782 and 3422?
118
Calculate the highest common factor of 26299 and 1309.
119
Calculate the highest common divisor of 40 and 156680.
40
Calculate the greatest common divisor of 21030 and 10.
10
Calculate the highest common divisor of 3318 and 133.
7
What is the greatest common divisor of 3584 and 70?
14
What is the highest common factor of 33 and